d 120.
24
Calculate the highest common divisor of 21037 and 109.
109
Calculate the highest common divisor of 78 and 48.
6
What is the greatest common factor of 16264 and 214?
214
Calculate the highest common divisor of 1 and 197.
1
What is the highest common divisor of 93 and 12?
3
What is the greatest common factor of 8 and 9?
1
Calculate the highest common factor of 95 and 3268.
19
Calculate the highest common factor of 31 and 37386.
31
What is the greatest common factor of 921 and 132?
3
What is the greatest common factor of 109 and 436?
109
Calculate the greatest common divisor of 1216 and 64.
64
What is the greatest common divisor of 60 and 768?
12
What is the greatest common divisor of 9 and 3303?
9
Calculate the greatest common factor of 95 and 323.
19
What is the greatest common divisor of 30 and 555?
15
Calculate the highest common factor of 17 and 15079.
17
What is the highest common divisor of 2622 and 12?
6
Calculate the highest common divisor of 320 and 4384.
32
Calculate the greatest common divisor of 672 and 252.
84
What is the highest common factor of 8 and 4?
4
What is the highest common divisor of 120 and 75?
15
Calculate the greatest common factor of 14 and 266.
14
Calculate the greatest common factor of 132 and 220.
44
Calculate the highest common divisor of 11 and 11.
11
Calculate the highest common divisor of 476 and 17969.
119
Calculate the highest common factor of 6 and 59.
1
Calculate the highest common factor of 992 and 1364.
124
Calculate the highest common divisor of 5719 and 266.
133
What is the greatest common factor of 16140 and 60?
60
Calculate the highest common factor of 1935 and 9.
9
Calculate the highest common factor of 1925 and 77.
77
Calculate the greatest common factor of 222 and 24.
6
What is the highest common divisor of 116 and 2117?
29
What is the greatest common factor of 13 and 871?
13
What is the greatest common divisor of 213 and 142?
71
What is the greatest common divisor of 1827 and 13804?
203
What is the highest common divisor of 37815 and 15?
15
What is the greatest common divisor of 2112 and 33?
33
What is the highest common factor of 387 and 172?
43
Calculate the highest common factor of 207 and 27.
9
Calculate the greatest common divisor of 2425 and 25.
25
What is the greatest common factor of 23 and 1?
1
What is the highest common divisor of 203 and 791?
7
What is the highest common factor of 355 and 40?
5
Calculate the greatest common divisor of 11179 and 21.
7
Calculate the greatest common factor of 180 and 18.
18
Calculate the highest common divisor of 8880 and 666.
222
Calculate the greatest common factor of 12 and 21.
3
What is the greatest common factor of 109 and 2507?
109
Calculate the greatest common factor of 88 and 16808.
88
What is the greatest common factor of 97 and 5820?
97
What is the highest common factor of 5395 and 130?
65
Calculate the greatest common factor of 847 and 44.
11
What is the greatest common factor of 729 and 9?
9
What is the greatest common factor of 796 and 16?
4
Calculate the highest common divisor of 301 and 14.
7
What is the highest common divisor of 33 and 1727?
11
What is the highest common divisor of 731 and 17?
17
Calculate the greatest common divisor of 2871 and 99.
99
What is the greatest common factor of 328 and 6601?
41
Calculate the greatest common factor of 500 and 100.
100
Calculate the greatest common factor of 341 and 4247.
31
What is the highest common factor of 14 and 6076?
14
Calculate the greatest common divisor of 440 and 1540.
220
What is the highest common divisor of 81 and 108?
27
Calculate the highest common factor of 91 and 17563.
91
Calculate the highest common divisor of 180 and 105.
15
Calculate the greatest common divisor of 2261 and 3553.
323
Calculate the greatest common divisor of 260 and 13650.
130
What is the greatest common divisor of 19152 and 133?
133
Calculate the greatest common divisor of 395 and 30.
5
What is the greatest common divisor of 949 and 26?
13
What is the greatest common factor of 92 and 299?
23
What is the greatest common divisor of 196 and 1862?
98
What is the greatest common factor of 35 and 1505?
35
Calculate the highest common factor of 2948 and 33.
11
What is the highest common factor of 105 and 30?
15
What is the greatest common factor of 15 and 15?
15
Calculate the greatest common factor of 988 and 52.
52
What is the greatest common divisor of 55 and 44?
11
Calculate the greatest common factor of 3113 and 88.
11
Calculate the highest common factor of 164 and 123.
41
What is the greatest common divisor of 255 and 680?
85
Calculate the highest common factor of 143 and 4147.
143
What is the highest common divisor of 22009 and 26?
13
Calculate the highest common divisor of 425 and 510.
85
Calculate the greatest common factor of 1300 and 80.
20
Calculate the highest common factor of 516 and 12.
12
Calculate the highest common factor of 985 and 5.
5
What is the highest common divisor of 18 and 4878?
18
What is the greatest common divisor of 2 and 82?
2
What is the highest common factor of 315 and 705?
15
Calculate the greatest common divisor of 80 and 152.
8
What is the highest common divisor of 38 and 494?
38
Calculate the greatest common factor of 1950 and 858.
78
Calculate the greatest common divisor of 221 and 187.
17
What is the greatest common divisor of 11 and 125?
1
Calculate the greatest common divisor of 34 and 238.
34
What is the greatest common factor of 98 and 84?
14
What is the greatest common divisor of 16 and 16?
16
What is the greatest common factor of 1961 and 2279?
53
What is the highest common divisor of 232 and 290?
58
What is the greatest common factor of 1482 and 54?
6
What is the highest common divisor of 748 and 176?
44
What is the greatest common factor of 2248 and 72?
8
Calculate the greatest common factor of 180 and 828.
36
What is the greatest common factor of 700 and 50?
50
What is the highest common divisor of 47752 and 47?
47
What is the greatest common factor of 155 and 93?
31
What is the highest common divisor of 6766 and 34?
34
What is the greatest common divisor of 910 and 286?
26
What is the highest common factor of 32 and 1360?
16
What is the highest common factor of 2037 and 693?
21
Calculate the greatest common divisor of 12 and 16.
4
What is the highest common divisor of 832 and 7?
1
What is the highest common divisor of 2483 and 13?
13
Calculate the highest common factor of 24 and 684.
12
Calculate the greatest common factor of 77 and 187.
11
Calculate the highest common factor of 16 and 152.
8
Calculate the highest common divisor of 14039 and 417.
139
Calculate the highest common factor of 129 and 6321.
129
Calculate the greatest common factor of 2809 and 1.
1
Calculate the greatest common divisor of 30752 and 32.
32
Calculate the greatest common divisor of 28203 and 119.
119
What is the greatest common divisor of 245 and 49?
49
What is the greatest common factor of 399 and 38?
19
What is the greatest common factor of 36 and 84?
12
What is the highest common divisor of 120 and 570?
30
What is the greatest common factor of 5746 and 136?
34
Calculate the highest common divisor of 150 and 12.
6
Calculate the greatest common factor of 432 and 27.
27
Calculate the highest common divisor of 1593 and 54.
27
What is the highest common factor of 1244 and 4?
4
Calculate the greatest common factor of 8 and 4.
4
Calculate the greatest common factor of 90 and 1340.
10
What is the greatest common factor of 104 and 52?
52
What is the greatest common divisor of 895 and 3938?
179
What is the highest common factor of 196 and 356?
4
What is the greatest common divisor of 35594 and 52?
26
Calculate the highest common divisor of 69 and 621.
69
What is the greatest common factor of 97 and 97?
97
What is the highest common factor of 1488 and 2883?
93
Calculate the greatest common divisor of 2826 and 198.
18
What is the highest common divisor of 34 and 220?
2
What is the highest common divisor of 817 and 172?
43
Calculate the highest common factor of 18 and 99.
9
What is the greatest common divisor of 51 and 2363?
17
Calculate the greatest common divisor of 346 and 2.
2
What is the highest common factor of 19 and 15048?
19
Calculate the greatest common divisor of 36 and 4986.
1